**4. Calculate o(-1).
5
Let z(o) = o**2 - o - 3. Let t(m) be the second derivative of m**3/6 + 3*m**2/2 + 3*m. Let p = -1 + 1. Let n be t(p). Determine z(n).
3
Let l(f) = 2*f**3 - 2*f**2 + 1. Let m = 3 + 1. Suppose 3*i + 3 = -n + 21, 23 = n + 4*i. Suppose -n*h - h + m = 0. What is l(h)?
1
Let i(d) = -6*d. Let y be i(1). Suppose 0 = 8*m - 4*m - 8. Let z(p) = 5*p**2 - 1 - p + 3 + p**m + p**3. Calculate z(y).
8
Let l(t) = t**2 + 3*t - 6. Suppose -3*g = -2 + 17. Calculate l(g).
4
Let g = -1 + -3. Let n(v) = -v**3 - 5*v**2 - 3*v - 3. What is n(g)?
-7
Suppose -3*d - 2*k = 12, 0*k - 2*k = -3*d - 24. Let p(l) = l**2 + 6*l + 9. Let x(r) = r**2 + 6*r + 8. Let i(q) = 5*p(q) - 6*x(q). Give i(d).
-3
Suppose -2*a + 5 = 7. Let u(s) be the first derivative of -3*s**2 - 1. Determine u(a).
6
Let u(s) = 13*s + 1. Let m(o) = o**3 - 3*o**2 - o + 4. Let n be m(3). Suppose 5*w = 5*r - 6 + n, -w = r + 3. Determine u(r).
-12
Let f(w) = 3*w**2 - 8*w - 2. Let p(c) be the first derivative of -4*c**3/3 + 9*c**2/2 + 3*c - 1. Let o(t) = -3*f(t) - 2*p(t). Determine o(6).
0
Suppose 18 = -4*r + 6. Let s(u) = -u - 4. Determine s(r).
-1
Let z(w) be the first derivative of -w**3/3 + 3*w**2 - 4*w - 10. Give z(5).
1
Let k(w) = w**3 + 3*w**2 - 8*w - 3. Let j(b) = -b**2 - 5*b + 9. Let m be j(-7). Calculate k(m).
-13
Suppose -2*l = l - 15. Let v(q) = -4*q + 6. Calculate v(l).
-14
Let i(c) = -3*c**2 - 6*c + 5. Let d(y) = -7*y**2 - 13*y + 10. Let u(q) = -2*d(q) + 5*i(q). What is u(-4)?
5
Suppose 0 = w + 2*w - 54. Let q = w + -13. Let x(r) = r**2 - 3*r + 3. Calculate x(q).
13
Let s(p) = p - 15. Let o(f) = 7*f - 80. Let q be o(13). Determine s(q).
-4
Let x(i) be the second derivative of -i**5/20 - 5*i**4/12 - i**3/2 + 2*i**2 - 6*i. What is x(-4)?
0
Let d(x) = x - 1 + 0 + 0*x. Let j(z) = -z**2 - 3*z - 2. Let t be j(-3). What is d(t)?
-3
Let s(a) = -10 + a + 3 - 3*a. Give s(-5).
3
Let h(w) = -8*w**3 + 2*w**2 - 1. Let j = 2 + -3. Give h(j).
9
Let h(l) be the second derivative of -l**5/20 - l**4/6 - l**3/6 - l**2/2 + 8*l. What is h(-2)?
1
Let r(a) = -3*a. Let g be -1 + 2/(6/27). Suppose -8*y + 4*y + g = 0. Suppose 5*v - 2*t + y = 0, 6 = 3*t + 18. What is r(v)?
6
Let s(v) = 3*v + 1. Let j(h) = -3*h**2 + h. Let l be j(1). Calculate s(l).
-5
Let z(t) = -t**2 + 4*t + 2. Let v be z(4). Suppose 4 = 2*d + v*a + 2*a, 0 = 4*a + 8. Suppose 2*m = -2 - d. Let r(k) = -2*k - 3. What is r(m)?
5
Let u be 9/2*6/9. Let j(y) = u*y - y - 6 + 6. What is j(-5)?
-10
Suppose -3*l + 5*v = -0*l + 15, -3*l = 5*v + 15. Let t(a) = -a**2 - 5*a + 6. Determine t(l).
6
Suppose a = -z - 5, 0 = 2*z - a - 2*a - 10. Let f(j) be the first derivative of j**2 - j + 2. Give f(z).
-3
Let x(f) = -5*f**2 + 7*f - 3. Let q(i) = 4*i**2 - 6*i + 2. Let r(h) = -6*q(h) - 5*x(h). Let s(u) be the first derivative of r(u). Give s(-3).
-5
Let m(g) = g**2 + 10*g + 2. Let r be m(-9). Let n(d) = -d - 6. Give n(r).
1
Let h = 17 + -18. Let z(t) = -5*t**3. Determine z(h).
5
Let p(i) be the second derivative of -i**5/20 - i**4/12 + i**3/6 + i**2 - 9*i. Calculate p(2).
-8
Let w(o) = -o**2 + 3*o + 2. Let y = -4 - 0. Let t = y - -7. Let c be (t/(-2))/(6/(-20)). What is w(c)?
-8
Let l(h) = -h**2 + h + 1. Let g(j) = -6*j**2 + j + 1. Let a(k) = -g(k) + 5*l(k). What is a(-4)?
4
Let o = 1 + -10. Let m be (3*-1)/(o/(-6)). Let i be -9*(-1)/(-6)*m. Let r(w) = w**2 - w - 3. What is r(i)?
3
Let m be 4/6*3/(-2). Let i be (0 - m)/(4 + -3). Let t(r) = 4*r**3 - 4*r**3 - r**3 - 2 + 3. Determine t(i).
0
Let l be 5 + -2 - (3 - 2). Let o = 3 + l. Let a(t) = t**2 - 4*t. What is a(o)?
5
Let d(v) be the second derivative of v**4/12 - 2*v**3/3 - 3*v**2/2 + 2*v. Let m(i) = i**3 - 2*i**2 - 3*i + 4. Let h be m(3). What is d(h)?
-3
Let z(t) = t**3 + 4*t**2 + 4*t. Let l be 16/8 + -5*1. Determine z(l).
-3
Let c(g) = g - 4. Let i(m) = -m**2 - 6*m - 3. Let b be i(-7). Suppose -2*r = 4*z + 8, 3*z - 2*r + 12 + 8 = 0. Let w be z - b - 4/2. What is c(w)?
0
Let r(i) be the first derivative of -2*i**3/3 - 2*i**2 - 66. Give r(-5).
-30
Let p(b) be the first derivative of -b**3/3 - 3*b**2 + 7. Let r be (-5)/1*8/10. Determine p(r).
8
Let w(o) = 2*o**3 + 4*o**2 + 3*o + 1. Suppose -5*z - 38 = 4*u, u + 6 = 5*z - 16. Let p be (-3)/(-18) + 26/u. Calculate w(p).
-5
Suppose 4*z - z = 9. Suppose -2*m - 6 = i + 2*i, z*i + 9 = -m. Let l(f) = f + 4. Determine l(i).
0
Let m = 173 - 177. Let k(q) = -q**2 - 6*q. What is k(m)?
8
Let f = 11 + -15. Let k(a) be the second derivative of a**6/360 + a**5/120 - a**4/8 - 5*a**3/6 - 3*a. Let o(s) be the second derivative of k(s). Determine o(f).
9
Suppose -2*w + 2*u + 12 = 0, -w + u = -4*u - 18. Let r(s) be the second derivative of -1/6*s**w + 0 - 3*s + 0*s**2. Give r(-4).
4
Let q(l) be the second derivative of 6*l + 0 - 3/2*l**2 + 1/6*l**3. Determine q(0).
-3
Let q(a) = 3 - a**2 + 0 - 7 + 8*a. What is q(8)?
-4
Let n(m) = m + 1. Let r be (0 - 2)*1 + 1. Let f(p) = -p + 2. Let o(j) = r*f(j) - 2*n(j). Give o(0).
-4
Let z(o) = o**3 - 5*o**2 + 3*o + 4. Let s = -13 - -13. Suppose 3*m - 9 = -s*m. Calculate z(m).
-5
Let f(w) = -w**2 - w + 0*w**3 + 2*w**2 + 0*w**2 + w**3 + 1. Let a = 1 + 0. Let u(s) = 2*s**3 - 4*s**2 + 3*s + 4. Let i(g) = a*f(g) - u(g). What is i(4)?
-3
Let n(p) = -18 - 3*p - p**2 - p + 2*p + 15. Give n(-2).
-3
Suppose 0 = 2*t - 9 + 1. Let x(v) = t*v - 2*v - 6*v**2 + 4*v + 1 - 3*v. Let y(r) = 24*r**2 - 13*r - 5. Let h(o) = -9*x(o) - 2*y(o). Calculate h(1).
6
Let n(t) = -t**3 + 2*t**2 - t. Suppose -2*a - 4*z = -2 + 4, 0 = -5*a + 3*z + 8. What is n(a)?
0
Let b(g) = 3 - 4*g**2 - 5*g + 5*g**2 - 2*g**2. Calculate b(-6).
-3
Suppose 3*j - 8*j + 25 = 0. Let k = -1 - -3. Let t(y) = 5*y + 3*y**2 - 1 + y**k - y**2 - 4*y**2. What is t(j)?
-1
Let n(h) = -h + 4 - 3*h - 7*h**2 + 1 + 6*h**2. Determine n(-6).
-7
Let i(g) be the third derivative of -g**6/40 - g**4/24 + g**3/6 + 5*g**2. What is i(1)?
-3
Let c(l) = -9*l. Let v(b) = -b**3 - 21*b**2 + 25*b + 65. Let j be v(-22). Give c(j).
9
Let l be 2/2 + 1*-1. Let i(c) = 3*c**2 - 2*c - 3. Let f be i(3). Let j(s) = f*s**2 - 3 + 9 - 19*s**2. What is j(l)?
6
Suppose -r - 2*r = -5*i + 9, -3*i + 9 = 0. Let d(q) = -q**2 - 1. Determine d(r).
-5
Let t(u) = 1 - 53*u**2 + 116*u**2 - 3*u - u**3 - 58*u**2 + 5. Let d(p) = -p**2 + 6*p - 3. Let m be d(4). Calculate t(m).
-9
Let o be -1*(-2)/((-4)/(-6)). Suppose 32 = 4*i + 4*c, i - o*c = 6*i - 34. Let p(l) = l**2 + l - 7*l + 5 + 0*l. What is p(i)?
0
Let m(h) = -h**3 - 14*h**2 + h + 21. Let l be m(-14). Let x(n) = n - 2. Give x(l).
5
Suppose j = i - 5, j + 0*j = 3*i - 7. Let x(l) = 9*l - 1. Determine x(i).
8
Let i(k) be the second derivative of -k**5/20 + k**4/3 - k**3/3 - k**2 - 2*k. Give i(2).
2
Let y(h) = -h**2 - 8*h - 4. Let s be y(-8). Let x(z) = 2*z**3 + 6*z**2 + 2*z - 1. Let w(r) = r**3 + r**2 - r + 1. Let q(k) = -w(k) + x(k). Determine q(s).
2
Let v(y) be the second derivative of -y**3/3 + 3*y**2 - 43*y. Determine v(-5).
16
Let r = -43 - -37. Let q(l) = -l + 5. Give q(r).
11
Let u(a) = 2*a**3 + 35*a**2 - 19*a - 21. Let z be u(-18). Let m(x) = 2*x + 3. Let f(c) = c + 2. Let v(p) = -5*f(p) + 4*m(p). Give v(z).
-7
Let p(l) = -3*l**3 + l**2 - 7. Let t(z) = 20 + 8*z**3 - 17*z + 17*z - 3*z**2. Let g(w) = -11*p(w) - 4*t(w). Determine g(0).
-3
Let d(r) = -r**3 - 7*r**2 + r + 4. Let i(p) = -p**3 - p**2 - p. Suppose h = 2*h + 2. Let f(z) = h*i(z) + d(z). Give f(4).
0
Let b(i) = 4*i**2 + 3 + i**3 - 1 + 0*i**3. Suppose -4*a - a + 40 = 0. Suppose 8 = 2*w, -a*y + 3*y = -w + 24. Give b(y).
2
Let m = -1 - -5. Let y be 0 + -2 + m + -2. Let d = -3 - y. Let h(j) = j**3 + 3*j**2 + 2. What is h(d)?
2
Let o(i) = i - 4. Suppose 0 = 4*s - 5*s. Calculate o(s).
-4
Let i(m) = 2*m**2 - 4 - 5*m + 2*m - m**2. Suppose -2*z - 4*h + h - 11 = 0, -15 = 3*z + 5*h. Let o(t) = -t**3 - 11*t**2 - 9*t + 13. Let n be o(z). Give i(n).
-4
Let t(m) = 14*m**2 + 20*m - 3. Let f(r) = 5*r**2 + 7*r - 1. Let y be (-8)/36 - 202/(-18). Let n = -10 + 6. Let c(b) = n*t(b) + y*f(b). What is c(-3)?
1
Let v be (-4)/(-14) - (-24)/(-84) - -3. Let a(x) = -x**3 + 4*x**2 - 5*x + 2. Calculate a(v).
-4
Let h(z) = -z + 18. Let f be h(13). Let a(s) = -s**3 + 6*s**2 - 5*s + 6. What is a(f)?
6
Suppose t = -2*a + 1, 4 = 4*t - 2*a + 4*a. Let n(b) be the first derivative of t + 1/3*b**3 - 4*b + 0*b**2. Determine n(-3).
5
Let h(z) = 4*z + 1. Let y be 6/(-4